/3 - s**3/3 + 35*s**2 - 8*s. What is the units digit of x(0)?
0
Suppose 2*m = 4*g - 3*g - 38, g = -4*m + 20. Let u be -3 - (-5)/(1 - (-4 - -6)). Let t = g - u. What is the tens digit of t?
4
Let y = 90 + -85. Suppose 3*h + r = -17, 35 + 5 = -y*h - 4*r. What is the hundreds digit of (0 - 4)/(h/114)?
1
Let i(g) = 12*g**2 + 3*g + 12. Let a be i(-3). Let u = a - 110. What is the hundreds digit of u/(-2) + (3 - 2046/(-12))?
1
Let b(f) = -108*f + 315*f + 391 - 113*f - 107*f. What is the hundreds digit of b(0)?
3
Let j = 12554 - 6135. What is the units digit of j?
9
Let c(t) = -4976*t - 1838. What is the thousands digit of c(-8)?
7
Suppose -2 = -2*k + k, 5*w + 2*k = 844. Let l = w + -104. What is the units digit of l?
4
What is the tens digit of 10308/126*27*140/30?
0
Suppose -5*v + 101 = -154. Suppose -3*j - v = -4*n, -15*n - 64 = -20*n + 4*j. What is the tens digit of n?
1
Suppose 2*o = -3*f + 107064, -3*o = -3*f - 158454 - 2112. What is the tens digit of o?
2
Suppose 0 = -4*d + 5*o + 261588, 88982 = 5*d + 5*o - 238048. What is the thousands digit of d?
5
Let k be -8*((-28)/(-21) + (-3108)/9). Suppose -4*o - 2*j + 5476 = j, -k = -2*o - 5*j. What is the hundreds digit of o?
3
Let b = 38 - 36. Suppose 3*u = -u - a + 315, 0 = -b*a - 10. Suppose -5*k + 140 = -u. What is the tens digit of k?
4
Suppose -4*y + 28 = -4*a, 5*y = -a + 2 + 3. Suppose -5*d = y*h - 102, -d = d + 2*h - 36. What is the tens digit of (-798)/(-4) - (-11)/d?
0
Let k(m) = 2*m + 25. Let n be k(0). Suppose 5*t - 2 = -2*h, -5*h - 6*t + t - n = 0. Let z = h - -12. What is the units digit of z?
3
Let u(g) = g**3 - 10*g**2 - 5*g + 15. Let k be u(10). Let j = -32 - k. Suppose 852 = 3*c + j*c. What is the tens digit of c?
4
Let d(j) = 5*j**3 + 3*j**2 + 5*j + 6. Let z be d(-5). Let f = 865 + z. What is the tens digit of f?
9
Suppose y + 1 = -4*r - 11, -2*r - 20 = 4*y. Let u be 34 - ((-1)/(-2))/(2/y). Let h = 54 - u. What is the tens digit of h?
1
Let x(z) = z**2 + 5*z + 13. Let v be x(-9). Suppose 0 = -115*n + 121*n - 84. Let j = v - n. What is the units digit of j?
5
Let x(m) = -m + 37. Let t be x(23). Suppose 6333 = t*i + 1881. What is the units digit of i?
8
Let a = 49 - 37. Suppose 3*w - a = t + 10, 22 = 5*w + 2*t. Suppose w*k - 204 = 3*k. What is the units digit of k?
8
Suppose -3*b + 5*b - 5*o - 21 = 0, -3*b + 15 = -2*o. Let q(d) = 52*d + b + 43*d - 84*d. What is the tens digit of q(2)?
2
Let s(o) = o**3 - 10*o**2 - 27*o + 38. Let a be s(12). Suppose -a*n + 1244 = 3*v, v + 623 = n + 2*v. What is the units digit of n?
5
Let h = 69 - 45. Let l = h + -84. What is the units digit of l*2*2*(-2)/8?
0
Let n(a) be the third derivative of 7*a**5/60 + 5*a**4/8 - 2*a**3/3 + 511*a**2 - 2. Suppose -x = -0*x + 4. What is the units digit of n(x)?
8
Let c(j) be the second derivative of j**5/20 - j**4/2 - j**3/2 + 7*j**2 + 27*j + 2. What is the tens digit of c(7)?
4
Suppose -8*n + 185 = -15. Suppose -n = -3*c - 2*c. Suppose 5*u - 2*k - 2*k - 1076 = 0, 0 = -3*u - c*k + 653. What is the hundreds digit of u?
2
Let c be 242/110 - (-2)/(-10). Let q(d) = 8*d**2 - d + 5 - c - 2*d + 7*d. What is the hundreds digit of q(4)?
1
Let z(f) = -414*f - 753. What is the units digit of z(-8)?
9
Suppose 13 + 7 = 4*s. Let b = -3 - -24. What is the tens digit of (-2 - -7)*b/s?
2
Suppose -3*l + 3 = -4*p, -5*p = -4*l + 2*l + 2. Suppose 5*v = -3*x + 735, p = -4*x + 2*v + 88 + 892. What is the hundreds digit of x?
2
What is the thousands digit of (6 + (-64400)/(-48))*12?
6
Suppose 0 = 3*x + 120 - 117, 4*x - 7191 = 5*l. Let j = -575 - l. What is the tens digit of j?
6
Suppose -24850 = -4*s - 9*k + 7*k, s = -5*k + 6226. Suppose -s + 21331 = 30*c. What is the hundreds digit of c?
5
Let w be -12*5/(-50)*(-10)/(-6). Suppose -w*o = -4*u - 358, -4*o - 2*u = -398 - 288. What is the units digit of o?
3
Suppose 0 = 4*b - 9*b + 1265. Let n = -1284 - -1287. Suppose -j = -d - 4*d - 46, n*d - b = -4*j. What is the units digit of j?
1
Suppose 1298 = 14*w - 312. Suppose 2*h + w = 529. What is the units digit of h?
7
Let y = 259 + -259. Suppose -t - 66 = -w + 81, -w - 2*t + 147 = y. What is the tens digit of w?
4
Let l(z) = 65*z**2 - 6*z + 9. Let m be l(4). Suppose 5*k - m = 450. What is the units digit of k?
5
Suppose -859*b + 842*b + 60687 = -18312. What is the tens digit of b?
4
Let u be ((-5720)/60)/((-2)/15). Suppose -5*i + u = 5*y, -3*i = -4*y - 0*i + 579. What is the hundreds digit of y?
1
Suppose -10*g - 600 = 5*v - 5*g, 2*v + 5*g = -225. Let k = v + 323. What is the tens digit of k?
9
Let t(l) = -78*l - 245. Let o = -697 - -675. What is the thousands digit of t(o)?
1
What is the ten thousands digit of -8*(-125904)/160*(-5)/(-2)?
1
Let i = 902 - -3116. What is the units digit of i?
8
Suppose -10 = -2*o, y - 85 - 612 = 4*o. Let i = y + 18. What is the hundreds digit of i?
7
Suppose -3*l - 2*s + 690 = 0, 4*l + 5*s = 299 + 614. Let d = l + -127. Suppose -3*o = -d - 234. What is the hundreds digit of o?
1
Let s = 267 - 683. Let v = s - -730. What is the hundreds digit of v?
3
Let g(t) = t**2 + t + 1. Let z(p) = 7*p**2 + 11*p + 20. Let m(k) = 2*g(k) - z(k). Let q(b) be the first derivative of m(b). What is the units digit of q(-10)?
1
Let j = 4 + -1. Suppose -5*m = 3*w + 28, 4*m + j = 3*w - 14. What is the units digit of 3/(4 + w) + 11?
2
Suppose 2*j - 3*n = 42, -2*j + 4*n + 38 = -0*j. Suppose 2*h - j = -h. Suppose 0 = -h*f - 900 + 2394. What is the hundreds digit of f?
1
Suppose 13 = 5*b + 3*j, 0 = 3*b - j - 0*j - 19. Suppose 2*p + 5 = -b*f - 9, 3*p + 4*f = -14. What is the tens digit of 3/p*-22*5/15?
1
Let y(r) = -35*r**2 - 2*r + 6. Let n be y(2). Let h = -143 - n. What is the units digit of 80 + h - 12/3?
1
Let d(z) = 118*z - 694. What is the tens digit of d(13)?
4
Suppose -2*j = r + 2 + 1, 7 = 5*r - j. Let g be 2/(-4)*14*r. What is the tens digit of g/(28/(-144)) + 3?
3
Let f(v) = -4*v - 6. Let i be f(3). Let k be (i/(-8))/(15/20). What is the tens digit of 1 + 3/k - -34?
3
Let z be -1 + (-1 - (2 + -1)). Let b(t) = -1464*t - 20 + 713*t + 684*t. What is the tens digit of b(z)?
8
Let i be ((6 - 13) + 10)/((-6)/(-10)). Let x(s) = 2*s**2 + 6*s + 2. What is the units digit of x(i)?
2
Let s(m) = -4*m**2 - 7*m - 28. Let h be s(-12). Let p = 1400 + h. What is the units digit of p?
0
What is the hundreds digit of -20 - 2149/(-21)*417?
6
Suppose -3*k = -5*k + 2*m + 8, 5*m = 4*k - 17. Suppose k*y = 2*l - 1653, 5*l - 5467 + 1297 = -5*y. What is the hundreds digit of l?
8
Let s(c) = 26*c - 25. Let x be (-33)/(4 - 7) - 0/1. What is the tens digit of s(x)?
6
What is the units digit of 82/((1/(-603)*3)/(5/(-15)))?
4
Suppose 4*v = -5*r - 111, -5*r + 0*v + 5*v - 120 = 0. Let g = 1142 - r. What is the hundreds digit of g?
1
Let x(v) = v**2 - 6*v + 12. Let p be x(6). Suppose -p = -6*l + 12. Suppose l*w - 69 = 167. What is the tens digit of w?
5
Suppose -20 = -c - k, -5*c - k = 34 - 114. Let q(y) = -77*y - 92. Let h be q(-36). What is the hundreds digit of (-4)/6 + h/c?
1
Let a = -689 + 9755. What is the tens digit of a?
6
Let v(p) = 41*p + 10. Suppose -2*t + 48 = 16. What is the hundreds digit of v(t)?
6
Let h(b) = 37*b - 40. Suppose 5*l = 5*m + 15 + 15, 0 = -m + 2. What is the tens digit of h(l)?
5
Let o = -19494 - -35044. What is the thousands digit of o?
5
Suppose -3*b = -3*k - 55359, 10*k - 8*k = -2*b + 36890. What is the hundreds digit of b?
4
Let h = 30521 + -21681. What is the tens digit of h?
4
Let a(n) = 13*n**2 + 5*n + 17. Let g be a(14). Suppose -3*r - 4*d = d - 2626, 4*d = 3*r - g. What is the units digit of r?
7
Suppose 0 = 15*o - 530 + 17660. Let p = -518 - o. What is the hundreds digit of p?
6
Let w be (-7 - -6)*(1 - 161). Suppose -134 = 6*d + w. Let k = -12 - d. What is the units digit of k?
7
Let f = 1710 - 609. Let k = f + -749. What is the tens digit of k?
5
Suppose 3*r - 27327 = -3*k, 9*k - 18211 = -2*r + 8*k. What is the hundreds digit of r?
1
What is the thousands digit of (-7 - (-332)/44) + 2802110/55?
0
Let n(f) = f**3 + 15*f**2 + 26*f - 1. Let v be n(-13). Let a be -18 - (-1 + (-2 + 6 - 1)). What is the tens digit of v*(7 + -4 + a)?
1
Let b(l) = 36*l - 16. Let z(f) = -f**2 - 8*f - 6. Let t be z(-5). What is the units digit of b(t)?
8
Let d = -1332 + 1976. Suppose -2*w + 3*z = -d, 8 = -3*z - z. Let h = -190 + w. What is the tens